(2) is divided by 3 - 0 - q - -3?
2
What is the remainder when 6/(-18) - 266/(-6) is divided by 16?
12
Suppose -3*v - 213 = -4*m, 3*m - 160 = -3*v + 5*v. Calculate the remainder when m is divided by 31.
23
Let f(d) be the second derivative of d**4/12 - d**3/2 - 9*d**2/2 - 5*d. What is the remainder when f(6) is divided by 4?
1
Suppose 0 = -22*p + 21*p + 7. Calculate the remainder when 26 is divided by p.
5
Suppose p = -3*p + 12. Suppose 2*c = p*q - 0*c - 3, 5*q - 3 = 4*c. Suppose -x + 7 = -q. What is the remainder when 18 is divided by x?
8
Let z be 4/(-18) - (-112)/18. Suppose -z*m + 4*m + 4 = 0. Suppose -m*w = -10 - 18. Calculate the remainder when 41 is divided by w.
13
Let o(x) = 5*x**2 + 10*x + 13. What is the remainder when o(-4) is divided by 18?
17
Suppose 46 + 5 = 3*q. Let m = q - 9. What is the remainder when (19/4)/(2/m) is divided by 7?
5
Suppose -1 = -3*i + 26. Calculate the remainder when i is divided by 7.
2
Suppose 0 = -2*t + 1 + 1. Let g(d) = -d + 8. Calculate the remainder when (t - 5)/(3/(-6)) is divided by g(3).
3
Let g = 35 - 4. Let k(l) = l**3 - 3*l**2 - 8*l + 6. Let v be ((-10)/(-2))/(1 - 0). Calculate the remainder when g is divided by k(v).
15
Suppose 3*g - 4*p - 14 - 11 = 0, -p + 5 = 3*g. Let z(o) = 3*o**2 - 1. Calculate the remainder when z(3) is divided by -1*g/(-6)*28.
12
Let f(h) = 5*h**2 - 3*h + 3. Let t = 30 - 21. What is the remainder when f(2) is divided by t?
8
Let u be (-4)/(-16) + (-79)/(-4). Suppose -u = -z - 3*z. Suppose -70 = -z*f - 2*p, -2*f = f - 5*p - 11. Calculate the remainder when 35 is divided by f.
11
Suppose -o + 1 = -r, -4*r - 5*o + 21 = -r. Calculate the remainder when 4 is divided by r.
0
Suppose 7*n - 8*n + 31 = 0. Calculate the remainder when n is divided by 16.
15
Let x(j) = -2*j**2 - 35*j - 6. Calculate the remainder when 30 is divided by x(-17).
8
What is the remainder when ((-4)/6)/((-2)/57) is divided by 5?
4
Let k(c) = 11*c - 4 - 2*c**2 + 0 + 3*c**2 - 12*c. What is the remainder when k(-3) is divided by 3?
2
Let j be -5*((-16)/10)/4. Suppose -j*b - 4*m = 2 - 28, 2*b = 4*m + 2. Suppose -y + 8 = -b. What is the remainder when y is divided by 6?
3
Let b be 154/6 - 3/(-9). Suppose 0*s - 2*s = -b. What is the remainder when s is divided by 4?
1
Suppose -3*u = u - 12. Let l be (-6 - -3 - -3) + u. Suppose l*i = -4*d + 44, 2*d - 26 = -4*i + 2*i. What is the remainder when 22 is divided by i?
6
Let f(u) = u**3 + 3*u**2 - 2*u. Let s be f(-3). Suppose -y - n + 11 = 0, 3*y - 2*n - 6 = 27. Let o = y - s. What is the remainder when 8 is divided by o?
3
Let g = 68 - -24. Suppose 15 = -7*z + 2*z, -5*z - 20 = -h. Suppose -13 = -h*v + g. Calculate the remainder when v is divided by 11.
10
Suppose 79*b - 74*b - 385 = 0. What is the remainder when b is divided by 13?
12
Suppose -5*v = -77 - 43. Suppose 29 = 5*x - 16. Calculate the remainder when v is divided by x.
6
Suppose s = 2*o - 24, 0 = -5*s - 13 + 33. Suppose 3*i + 3 = -3. What is the remainder when o is divided by (i + -1)*(-20)/12?
4
Let y = 182 - 161. Calculate the remainder when y is divided by 3.
0
Suppose 0 = -5*c + c + 24. What is the remainder when c is divided by (0 + -8)*5/(-10)?
2
Suppose -5*k - 6*h + h = -90, 2*k = 5*h + 36. What is the remainder when k is divided by 10?
8
Let c(m) = m**2 - 3. Let l be 3*(-1)/2*-2. Suppose -l*j + 2*j = -4. Calculate the remainder when c(3) is divided by j.
2
Let x(j) = -8*j. Calculate the remainder when 30 is divided by x(-1).
6
Let k be 9*(-2)/(-2) - -1. Calculate the remainder when 9 is divided by 52/k - (-6)/(-30).
4
Let f = 28 + -14. What is the remainder when 96 is divided by f?
12
Let u = -39 + 65. What is the remainder when u is divided by 15?
11
Let p(d) = d**2 - 8*d - 23. Calculate the remainder when 20 is divided by p(11).
0
Let i(q) = -3*q + 2 + 2*q**2 + 1 - 1 + 1. Calculate the remainder when 47 is divided by i(3).
11
Suppose 2*h - 108 = -28. What is the remainder when h is divided by ((-12)/2)/(-3)*7?
12
Let a(o) = 14*o**2 - o + 1. Let b = 120 + -75. What is the remainder when b is divided by a(-1)?
13
Suppose -3*l - 3 = 0, j + l = 33 - 7. Calculate the remainder when 69 is divided by j.
15
Calculate the remainder when 23 is divided by (-6*8/(-18))/(4/18).
11
Let r(q) = q**3 - 6*q + 3. What is the remainder when 82 is divided by r(3)?
10
Suppose 2*j - 39 = 3*k, j + k - 16 = 1. Calculate the remainder when ((-24)/j)/((-2)/36) is divided by 14.
10
Let s(j) = -j**2 + 8*j + 9. Let m be s(9). Suppose m = -4*v + 3*v + 16. Suppose -4*n + 21 = -3. What is the remainder when v is divided by n?
4
Let i = -31 + 54. What is the remainder when i is divided by 6?
5
Suppose -26 = -8*x + 302. Let r = -2 - -4. Suppose r - 72 = -5*s. Calculate the remainder when x is divided by s.
13
Let g(m) be the first derivative of -m**2/2 + 5*m - 2. Let b be g(4). What is the remainder when 13 is divided by ((-2)/6)/(b/(-21))?
6
What is the remainder when ((-3640)/196)/(((-2)/7)/2) is divided by 22?
20
Suppose a + 0 = 2*u - 19, -5*u + 60 = -5*a. Calculate the remainder when 18 is divided by u.
4
Let u(k) = -k - 2. Let i be u(-5). Suppose 2*d = 3*d - 20. Let j = d + i. Calculate the remainder when j is divided by 8.
7
Suppose -2*y - 2*m + 25 = -y, -m + 2 = 0. Suppose -4*b + 18 + 14 = 0. What is the remainder when y is divided by b?
5
Let d(x) = -3*x - 3. Let n be d(-3). Let l(i) = -4*i**3 - 3 + 3*i**3 + 8*i**2 - 4 - 4*i. What is the remainder when l(n) is divided by 14?
13
Suppose 7*v - 11*v = -100. Calculate the remainder when v is divided by 4.
1
Let m(j) = j**2 - 4*j + 3. Let p be m(2). Calculate the remainder when (-1 - (p - 1))*9 is divided by 6/(-3) - (-1 - 6).
4
Suppose 0 = -4*v - q + 4*q + 155, -2*q + 47 = v. What is the remainder when 120 is divided by v?
38
Suppose 2*p - 116 = -q, 0*p - 2*q = 5*p - 290. Calculate the remainder when p is divided by 15.
13
Let a(i) = 5*i**3 - 3*i**2 + 2*i. Let f(b) = 22*b. Let q be f(2). Suppose q = 4*v + 4*p, -4*p + 24 = 2*v + 2. Calculate the remainder when a(2) is divided by v.
10
Suppose -x = -56 + 38. Calculate the remainder when 69 is divided by x.
15
Let w = -26 + 93. What is the remainder when w is divided by 17?
16
Let k = 19 + -5. Let i(t) = 41*t + 2. Let j be i(2). Let y = -43 + j. Calculate the remainder when y is divided by k.
13
Let n(f) = -f**3 + 7*f**2 + 3*f - 9. Suppose -5*q = -5*h + 79 - 4, -3*q + 35 = 2*h. Calculate the remainder when n(6) is divided by h.
13
Calculate the remainder when 83*((-4)/1 - -5) is divided by 12.
11
Let w(p) = -p**3 + 12*p**2 - 10*p - 6. What is the remainder when 17 is divided by w(11)?
2
Let c(n) = -2*n + 3*n - 3*n. Suppose -y + l = -19 + 2, -2*l = 6. Calculate the remainder when y is divided by c(-4).
6
Let f(d) = 6*d**2 + 4*d + 2. Let t be f(-2). Let z = -13 + t. Suppose -h = 4*o - 10, 0 = -5*o + 4*h + h. Calculate the remainder when z is divided by o.
1
Let t = 14 - -6. Let q(g) = -g**2 + 19*g - 11. What is the remainder when t is divided by q(18)?
6
Suppose 2*u - 16 = u + r, u = -4*r + 21. What is the remainder when 33 + -1 + -2 + 3 is divided by u?
16
Calculate the remainder when 21 is divided by (-25)/(-5) + (-2 - 0).
0
Let w = -4 + 77. What is the remainder when w is divided by 15?
13
Let u = -13 + 23. Calculate the remainder when 918/33 + 2/11 is divided by u.
8
Let j(t) = 11*t**3 - 15*t**2 - 3*t - 5. Let w(k) = -5*k**3 + 8*k**2 + k + 3. Let q(n) = -4*j(n) - 9*w(n). Calculate the remainder when q(12) is divided by 8.
5
Let s(c) = c. Suppose -3*p + 2*p = 0. Let z be s(p). What is the remainder when 3 is divided by (z - 1) + 2 + 1?
1
Let u = 6 + -6. Suppose u*l + 3*l = 81. Suppose l = -0*i + 3*i. Calculate the remainder when 25 is divided by i.
7
Let c = -38 + 50. What is the remainder when 57 is divided by c?
9
Suppose -3*q = -5*u - 274, 0 = -2*q + 3*u - 0*u + 181. What is the remainder when q is divided by 17?
15
Let v = -184 - -188. Let h = 21 - 12. Suppose 4*j + 6 = 2*t, 2*j - h = -3. What is the remainder when t is divided by v?
1
Let x be (0 - -7)*2 - 1. Let v be 2 - 2*(2 - 3). Suppose -v*p + 81 = x. Calculate the remainder when p is divided by 6.
5
Suppose 3*h = 2*h + 5. Suppose -21 = -h*w - 6. What is the remainder when 4 is divided by 1 + 3/w + 0?
0
Let r be (4/(-5))/((-14)/105). Suppose 3*d - r*d = -36. What is t